{"id":52,"date":"2025-06-17T11:57:52","date_gmt":"2025-06-17T09:57:52","guid":{"rendered":"http:\/\/horizons-octane.fr\/?page_id=52"},"modified":"2025-06-17T11:57:53","modified_gmt":"2025-06-17T09:57:53","slug":"me-contacter","status":"publish","type":"page","link":"https:\/\/horizons-octane.fr\/index.php\/me-contacter\/","title":{"rendered":"Me contacter"},"content":{"rendered":"\n<h1 class=\"wp-block-heading\">Me contacter &#8211; Horizons &amp; Octane<\/h1>\n\n\n\n<p class=\"wp-block-paragraph\"><strong><em>Une question, une id\u00e9e, une collaboration ?<\/em><\/strong><\/p>\n\n\n\n<p class=\"wp-block-paragraph\">Je suis toujours heureux d\u2019\u00e9changer autour de passions communes, de belles exp\u00e9riences, de projets cr\u00e9atifs ou simplement de quelques mots bienveillants. Pour me contacter : <\/p>\n\n\n\n<p class=\"wp-block-paragraph\">Tu peux utiliser le le formulaire en bas de page,<\/p>\n\n\n\n<p class=\"has-text-align-center wp-block-paragraph\"> ou depuis mes r\u00e9seaux sociaux : <\/p>\n\n\n\n<ul class=\"wp-block-social-links aligncenter is-layout-flex wp-block-social-links-is-layout-flex\"><li class=\"wp-social-link wp-social-link-facebook  wp-block-social-link\"><a href=\"https:\/\/www.facebook.com\/HorizonsOctane\/\" class=\"wp-block-social-link-anchor\"><svg width=\"24\" height=\"24\" viewBox=\"0 0 24 24\" version=\"1.1\" xmlns=\"http:\/\/www.w3.org\/2000\/svg\" aria-hidden=\"true\" focusable=\"false\"><path d=\"M12 2C6.5 2 2 6.5 2 12c0 5 3.7 9.1 8.4 9.9v-7H7.9V12h2.5V9.8c0-2.5 1.5-3.9 3.8-3.9 1.1 0 2.2.2 2.2.2v2.5h-1.3c-1.2 0-1.6.8-1.6 1.6V12h2.8l-.4 2.9h-2.3v7C18.3 21.1 22 17 22 12c0-5.5-4.5-10-10-10z\"><\/path><\/svg><span class=\"wp-block-social-link-label screen-reader-text\">Facebook<\/span><\/a><\/li>\n\n<li class=\"wp-social-link wp-social-link-instagram  wp-block-social-link\"><a href=\"https:\/\/www.instagram.com\/alex.brdnn\/#\" class=\"wp-block-social-link-anchor\"><svg width=\"24\" height=\"24\" viewBox=\"0 0 24 24\" version=\"1.1\" xmlns=\"http:\/\/www.w3.org\/2000\/svg\" aria-hidden=\"true\" focusable=\"false\"><path d=\"M12,4.622c2.403,0,2.688,0.009,3.637,0.052c0.877,0.04,1.354,0.187,1.671,0.31c0.42,0.163,0.72,0.358,1.035,0.673 c0.315,0.315,0.51,0.615,0.673,1.035c0.123,0.317,0.27,0.794,0.31,1.671c0.043,0.949,0.052,1.234,0.052,3.637 s-0.009,2.688-0.052,3.637c-0.04,0.877-0.187,1.354-0.31,1.671c-0.163,0.42-0.358,0.72-0.673,1.035 c-0.315,0.315-0.615,0.51-1.035,0.673c-0.317,0.123-0.794,0.27-1.671,0.31c-0.949,0.043-1.233,0.052-3.637,0.052 s-2.688-0.009-3.637-0.052c-0.877-0.04-1.354-0.187-1.671-0.31c-0.42-0.163-0.72-0.358-1.035-0.673 c-0.315-0.315-0.51-0.615-0.673-1.035c-0.123-0.317-0.27-0.794-0.31-1.671C4.631,14.688,4.622,14.403,4.622,12 s0.009-2.688,0.052-3.637c0.04-0.877,0.187-1.354,0.31-1.671c0.163-0.42,0.358-0.72,0.673-1.035 c0.315-0.315,0.615-0.51,1.035-0.673c0.317-0.123,0.794-0.27,1.671-0.31C9.312,4.631,9.597,4.622,12,4.622 M12,3 C9.556,3,9.249,3.01,8.289,3.054C7.331,3.098,6.677,3.25,6.105,3.472C5.513,3.702,5.011,4.01,4.511,4.511 c-0.5,0.5-0.808,1.002-1.038,1.594C3.25,6.677,3.098,7.331,3.054,8.289C3.01,9.249,3,9.556,3,12c0,2.444,0.01,2.751,0.054,3.711 c0.044,0.958,0.196,1.612,0.418,2.185c0.23,0.592,0.538,1.094,1.038,1.594c0.5,0.5,1.002,0.808,1.594,1.038 c0.572,0.222,1.227,0.375,2.185,0.418C9.249,20.99,9.556,21,12,21s2.751-0.01,3.711-0.054c0.958-0.044,1.612-0.196,2.185-0.418 c0.592-0.23,1.094-0.538,1.594-1.038c0.5-0.5,0.808-1.002,1.038-1.594c0.222-0.572,0.375-1.227,0.418-2.185 C20.99,14.751,21,14.444,21,12s-0.01-2.751-0.054-3.711c-0.044-0.958-0.196-1.612-0.418-2.185c-0.23-0.592-0.538-1.094-1.038-1.594 c-0.5-0.5-1.002-0.808-1.594-1.038c-0.572-0.222-1.227-0.375-2.185-0.418C14.751,3.01,14.444,3,12,3L12,3z M12,7.378 c-2.552,0-4.622,2.069-4.622,4.622S9.448,16.622,12,16.622s4.622-2.069,4.622-4.622S14.552,7.378,12,7.378z M12,15 c-1.657,0-3-1.343-3-3s1.343-3,3-3s3,1.343,3,3S13.657,15,12,15z M16.804,6.116c-0.596,0-1.08,0.484-1.08,1.08 s0.484,1.08,1.08,1.08c0.596,0,1.08-0.484,1.08-1.08S17.401,6.116,16.804,6.116z\"><\/path><\/svg><span class=\"wp-block-social-link-label screen-reader-text\">Instagram<\/span><\/a><\/li><\/ul>\n\n\n\n<p class=\"wp-block-paragraph\">Enfin, si tu veux en savoir plus sur le blog lui-m\u00eame tu peux te rendre directement sur la page <br><a href=\"https:\/\/horizons-octane.fr\/index.php\/a-propos\/\"><strong><em>A Propos<\/em><\/strong><\/a> du blog.<\/p>\n\n\n<style id=\"wpforms-css-vars-54\">\n\t\t\t\t#wpforms-54 {\n\t\t\t\t\n\t\t\t}\n\t\t\t<\/style><div class=\"wpforms-container wpforms-container-full wpforms-render-modern\" id=\"wpforms-54\"><form id=\"wpforms-form-54\" class=\"wpforms-validate wpforms-form wpforms-ajax-form\" data-formid=\"54\" method=\"post\" enctype=\"multipart\/form-data\" action=\"\/index.php\/wp-json\/wp\/v2\/pages\/52\" data-token=\"fa9bd68a8dd9640e6486e1d2708f352c\" data-token-time=\"1776033784\"><noscript class=\"wpforms-error-noscript\">Veuillez activer JavaScript dans votre navigateur pour remplir ce formulaire.<\/noscript><div id=\"wpforms-error-noscript\" style=\"display: none;\">Veuillez activer JavaScript dans votre navigateur pour remplir ce formulaire.<\/div><div class=\"wpforms-field-container\"><div id=\"wpforms-54-field_1-container\" class=\"wpforms-field wpforms-field-name\" data-field-id=\"1\"><label class=\"wpforms-field-label\" for=\"wpforms-54-field_1\">Nom <span class=\"wpforms-required-label\" aria-hidden=\"true\">*<\/span><\/label><input type=\"text\" id=\"wpforms-54-field_1\" class=\"wpforms-field-medium wpforms-field-required\" name=\"wpforms[fields][1]\" aria-errormessage=\"wpforms-54-field_1-error\" required><\/div><div id=\"wpforms-54-field_2-container\" class=\"wpforms-field wpforms-field-email\" data-field-id=\"2\"><label class=\"wpforms-field-label\" for=\"wpforms-54-field_2\">Adresse Mail  <span class=\"wpforms-required-label\" aria-hidden=\"true\">*<\/span><\/label><input type=\"email\" id=\"wpforms-54-field_2\" class=\"wpforms-field-medium wpforms-field-required\" name=\"wpforms[fields][2]\" spellcheck=\"false\" aria-errormessage=\"wpforms-54-field_2-error\" required><\/div><div id=\"wpforms-54-field_5-container\" class=\"wpforms-field wpforms-field-text\" data-field-id=\"5\"><label class=\"wpforms-field-label\" for=\"wpforms-54-field_5\">Objet <span class=\"wpforms-required-label\" aria-hidden=\"true\">*<\/span><\/label><input type=\"text\" id=\"wpforms-54-field_5\" class=\"wpforms-field-medium wpforms-field-required\" name=\"wpforms[fields][5]\" aria-errormessage=\"wpforms-54-field_5-error\" required><\/div>\t\t<div id=\"wpforms-54-field_4-container\"\n\t\t\tclass=\"wpforms-field wpforms-field-text\"\n\t\t\tdata-field-type=\"text\"\n\t\t\tdata-field-id=\"4\"\n\t\t\t>\n\t\t\t<label class=\"wpforms-field-label\" for=\"wpforms-54-field_4\" >Objet Message Adresse<\/label>\n\t\t\t<input type=\"text\" id=\"wpforms-54-field_4\" class=\"wpforms-field-medium\" name=\"wpforms[fields][4]\" >\n\t\t<\/div>\n\t\t<div id=\"wpforms-54-field_3-container\" class=\"wpforms-field wpforms-field-textarea\" data-field-id=\"3\"><label class=\"wpforms-field-label\" for=\"wpforms-54-field_3\">Message <span class=\"wpforms-required-label\" aria-hidden=\"true\">*<\/span><\/label><textarea id=\"wpforms-54-field_3\" class=\"wpforms-field-medium wpforms-field-required\" name=\"wpforms[fields][3]\" aria-errormessage=\"wpforms-54-field_3-error\" required><\/textarea><\/div><script>\n\t\t\t\t( function() {\n\t\t\t\t\tconst style = document.createElement( 'style' );\n\t\t\t\t\tstyle.appendChild( document.createTextNode( '#wpforms-54-field_4-container { position: absolute !important; overflow: hidden !important; display: inline !important; height: 1px !important; width: 1px !important; z-index: -1000 !important; padding: 0 !important; } #wpforms-54-field_4-container input { visibility: hidden; } #wpforms-conversational-form-page #wpforms-54-field_4-container label { counter-increment: none; }' ) );\n\t\t\t\t\tdocument.head.appendChild( style );\n\t\t\t\t\tdocument.currentScript?.remove();\n\t\t\t\t} )();\n\t\t\t<\/script><\/div><!-- .wpforms-field-container --><div class=\"wpforms-submit-container\" ><input type=\"hidden\" name=\"wpforms[id]\" value=\"54\"><input type=\"hidden\" name=\"page_title\" value=\"\"><input type=\"hidden\" name=\"page_url\" value=\"https:\/\/horizons-octane.fr\/index.php\/wp-json\/wp\/v2\/pages\/52\"><input type=\"hidden\" name=\"url_referer\" value=\"\"><button type=\"submit\" name=\"wpforms[submit]\" id=\"wpforms-submit-54\" class=\"wpforms-submit\" data-alt-text=\"Envoi en cours \" data-submit-text=\"Envoyer\" aria-live=\"assertive\" value=\"wpforms-submit\">Envoyer<\/button><img loading=\"lazy\" decoding=\"async\" src=\"https:\/\/horizons-octane.fr\/wp-content\/plugins\/wpforms-lite\/assets\/images\/submit-spin.svg\" class=\"wpforms-submit-spinner\" style=\"display: none;\" width=\"26\" height=\"26\" alt=\"Chargement en cours\"><\/div><\/form><\/div>  <!-- .wpforms-container -->\n\n\n<div class=\"wp-block-image\">\n<figure class=\"aligncenter size-full\"><img loading=\"lazy\" decoding=\"async\" width=\"811\" height=\"719\" src=\"https:\/\/horizons-octane.fr\/wp-content\/uploads\/2025\/06\/cropped-Horizons-Octane-.png\" alt=\"Logo Horizons &amp; Octane\" class=\"wp-image-39\" style=\"aspect-ratio:1;object-fit:cover\" srcset=\"https:\/\/horizons-octane.fr\/wp-content\/uploads\/2025\/06\/cropped-Horizons-Octane-.png 811w, https:\/\/horizons-octane.fr\/wp-content\/uploads\/2025\/06\/cropped-Horizons-Octane--300x266.png 300w, https:\/\/horizons-octane.fr\/wp-content\/uploads\/2025\/06\/cropped-Horizons-Octane--768x681.png 768w\" sizes=\"auto, (max-width: 811px) 100vw, 811px\" \/><\/figure>\n<\/div>\n\n\n<blockquote class=\"wp-block-quote is-layout-flow wp-block-quote-is-layout-flow\">\n<p class=\"has-text-align-right wp-block-paragraph\"><em>A tr\u00e8s bient\u00f4t ! &#8211; Alex<\/em><\/p>\n<\/blockquote>\n","protected":false},"excerpt":{"rendered":"<p>Me contacter &#8211; Horizons &amp; Octane Une question, une id\u00e9e, une collaboration ? Je suis toujours heureux d\u2019\u00e9changer autour de passions communes, de belles exp\u00e9riences, de projets cr\u00e9atifs ou simplement de quelques mots bienveillants. Pour me contacter : Tu peux utiliser le le formulaire en bas de page, ou depuis mes r\u00e9seaux sociaux : Enfin, si tu veux en savoir plus sur le blog lui-m\u00eame tu peux te rendre directement sur la page A Propos du blog. A tr\u00e8s bient\u00f4t ! &#8211; Alex<\/p>\n","protected":false},"author":1,"featured_media":0,"parent":0,"menu_order":0,"comment_status":"closed","ping_status":"closed","template":"","meta":{"_crdt_document":"","footnotes":""},"class_list":["post-52","page","type-page","status-publish","hentry"],"yoast_head":"<!-- This site is optimized with the Yoast SEO plugin v27.3 - https:\/\/yoast.com\/product\/yoast-seo-wordpress\/ -->\n<title>Me contacter - Horizons &amp; Octane<\/title>\n<meta name=\"description\" content=\"Photographie, \u00e9criture, automobile ou culture : c&#039;est ici pour me Contacter - Horizons &amp; Octane. Donnons vie \u00e0 vos id\u00e9es !\" \/>\n<meta name=\"robots\" content=\"index, follow, max-snippet:-1, max-image-preview:large, max-video-preview:-1\" \/>\n<link rel=\"canonical\" href=\"https:\/\/horizons-octane.fr\/index.php\/me-contacter\/\" \/>\n<meta property=\"og:locale\" content=\"fr_FR\" \/>\n<meta property=\"og:type\" content=\"article\" \/>\n<meta property=\"og:title\" content=\"Me contacter - Horizons &amp; Octane\" \/>\n<meta property=\"og:description\" content=\"Photographie, \u00e9criture, automobile ou culture : c&#039;est ici pour me Contacter - Horizons &amp; Octane. Donnons vie \u00e0 vos id\u00e9es !\" \/>\n<meta property=\"og:url\" content=\"https:\/\/horizons-octane.fr\/index.php\/me-contacter\/\" \/>\n<meta property=\"og:site_name\" content=\"Horizons &amp; Octane\" \/>\n<meta property=\"article:modified_time\" content=\"2025-06-17T09:57:53+00:00\" \/>\n<meta property=\"og:image\" content=\"http:\/\/horizons-octane.fr\/wp-content\/uploads\/2025\/06\/cropped-Horizons-Octane-.png\" \/>\n<meta name=\"twitter:card\" content=\"summary_large_image\" \/>\n<meta name=\"twitter:label1\" content=\"Dur\u00e9e de lecture estim\u00e9e\" \/>\n\t<meta name=\"twitter:data1\" content=\"1 minute\" \/>\n<script type=\"application\/ld+json\" class=\"yoast-schema-graph\">{\"@context\":\"https:\\\/\\\/schema.org\",\"@graph\":[{\"@type\":\"WebPage\",\"@id\":\"https:\\\/\\\/horizons-octane.fr\\\/index.php\\\/me-contacter\\\/\",\"url\":\"https:\\\/\\\/horizons-octane.fr\\\/index.php\\\/me-contacter\\\/\",\"name\":\"Me contacter - Horizons &amp; Octane\",\"isPartOf\":{\"@id\":\"https:\\\/\\\/horizons-octane.fr\\\/#website\"},\"primaryImageOfPage\":{\"@id\":\"https:\\\/\\\/horizons-octane.fr\\\/index.php\\\/me-contacter\\\/#primaryimage\"},\"image\":{\"@id\":\"https:\\\/\\\/horizons-octane.fr\\\/index.php\\\/me-contacter\\\/#primaryimage\"},\"thumbnailUrl\":\"http:\\\/\\\/horizons-octane.fr\\\/wp-content\\\/uploads\\\/2025\\\/06\\\/cropped-Horizons-Octane-.png\",\"datePublished\":\"2025-06-17T09:57:52+00:00\",\"dateModified\":\"2025-06-17T09:57:53+00:00\",\"description\":\"Photographie, \u00e9criture, automobile ou culture : c'est ici pour me Contacter - Horizons & Octane. Donnons vie \u00e0 vos id\u00e9es !\",\"breadcrumb\":{\"@id\":\"https:\\\/\\\/horizons-octane.fr\\\/index.php\\\/me-contacter\\\/#breadcrumb\"},\"inLanguage\":\"fr-FR\",\"potentialAction\":[{\"@type\":\"ReadAction\",\"target\":[\"https:\\\/\\\/horizons-octane.fr\\\/index.php\\\/me-contacter\\\/\"]}]},{\"@type\":\"ImageObject\",\"inLanguage\":\"fr-FR\",\"@id\":\"https:\\\/\\\/horizons-octane.fr\\\/index.php\\\/me-contacter\\\/#primaryimage\",\"url\":\"https:\\\/\\\/horizons-octane.fr\\\/wp-content\\\/uploads\\\/2025\\\/06\\\/cropped-Horizons-Octane-.png\",\"contentUrl\":\"https:\\\/\\\/horizons-octane.fr\\\/wp-content\\\/uploads\\\/2025\\\/06\\\/cropped-Horizons-Octane-.png\",\"width\":811,\"height\":719,\"caption\":\"Logo Horizons & Octane\"},{\"@type\":\"BreadcrumbList\",\"@id\":\"https:\\\/\\\/horizons-octane.fr\\\/index.php\\\/me-contacter\\\/#breadcrumb\",\"itemListElement\":[{\"@type\":\"ListItem\",\"position\":1,\"name\":\"Accueil\",\"item\":\"https:\\\/\\\/horizons-octane.fr\\\/\"},{\"@type\":\"ListItem\",\"position\":2,\"name\":\"Me contacter\"}]},{\"@type\":\"WebSite\",\"@id\":\"https:\\\/\\\/horizons-octane.fr\\\/#website\",\"url\":\"https:\\\/\\\/horizons-octane.fr\\\/\",\"name\":\"Horizons & Octane\",\"description\":\"Exploration visuelle et m\u00e9morables\",\"publisher\":{\"@id\":\"https:\\\/\\\/horizons-octane.fr\\\/#\\\/schema\\\/person\\\/bc17e2d50dbfa54f7b5cd2adfcdbf8dc\"},\"potentialAction\":[{\"@type\":\"SearchAction\",\"target\":{\"@type\":\"EntryPoint\",\"urlTemplate\":\"https:\\\/\\\/horizons-octane.fr\\\/?s={search_term_string}\"},\"query-input\":{\"@type\":\"PropertyValueSpecification\",\"valueRequired\":true,\"valueName\":\"search_term_string\"}}],\"inLanguage\":\"fr-FR\"},{\"@type\":[\"Person\",\"Organization\"],\"@id\":\"https:\\\/\\\/horizons-octane.fr\\\/#\\\/schema\\\/person\\\/bc17e2d50dbfa54f7b5cd2adfcdbf8dc\",\"name\":\"Alexandre Bridenne\",\"image\":{\"@type\":\"ImageObject\",\"inLanguage\":\"fr-FR\",\"@id\":\"https:\\\/\\\/horizons-octane.fr\\\/wp-content\\\/uploads\\\/2025\\\/06\\\/cropped-Horizons-Octane-.png\",\"url\":\"https:\\\/\\\/horizons-octane.fr\\\/wp-content\\\/uploads\\\/2025\\\/06\\\/cropped-Horizons-Octane-.png\",\"contentUrl\":\"https:\\\/\\\/horizons-octane.fr\\\/wp-content\\\/uploads\\\/2025\\\/06\\\/cropped-Horizons-Octane-.png\",\"width\":811,\"height\":719,\"caption\":\"Alexandre Bridenne\"},\"logo\":{\"@id\":\"https:\\\/\\\/horizons-octane.fr\\\/wp-content\\\/uploads\\\/2025\\\/06\\\/cropped-Horizons-Octane-.png\"},\"sameAs\":[\"http:\\\/\\\/horizons-octane.fr\"]}]}<\/script>\n<!-- \/ Yoast SEO plugin. -->","yoast_head_json":{"title":"Me contacter - Horizons &amp; Octane","description":"Photographie, \u00e9criture, automobile ou culture : c'est ici pour me Contacter - Horizons & Octane. Donnons vie \u00e0 vos id\u00e9es !","robots":{"index":"index","follow":"follow","max-snippet":"max-snippet:-1","max-image-preview":"max-image-preview:large","max-video-preview":"max-video-preview:-1"},"canonical":"https:\/\/horizons-octane.fr\/index.php\/me-contacter\/","og_locale":"fr_FR","og_type":"article","og_title":"Me contacter - Horizons &amp; Octane","og_description":"Photographie, \u00e9criture, automobile ou culture : c'est ici pour me Contacter - Horizons & Octane. Donnons vie \u00e0 vos id\u00e9es !","og_url":"https:\/\/horizons-octane.fr\/index.php\/me-contacter\/","og_site_name":"Horizons &amp; Octane","article_modified_time":"2025-06-17T09:57:53+00:00","og_image":[{"url":"http:\/\/horizons-octane.fr\/wp-content\/uploads\/2025\/06\/cropped-Horizons-Octane-.png","type":"","width":"","height":""}],"twitter_card":"summary_large_image","twitter_misc":{"Dur\u00e9e de lecture estim\u00e9e":"1 minute"},"schema":{"@context":"https:\/\/schema.org","@graph":[{"@type":"WebPage","@id":"https:\/\/horizons-octane.fr\/index.php\/me-contacter\/","url":"https:\/\/horizons-octane.fr\/index.php\/me-contacter\/","name":"Me contacter - Horizons &amp; Octane","isPartOf":{"@id":"https:\/\/horizons-octane.fr\/#website"},"primaryImageOfPage":{"@id":"https:\/\/horizons-octane.fr\/index.php\/me-contacter\/#primaryimage"},"image":{"@id":"https:\/\/horizons-octane.fr\/index.php\/me-contacter\/#primaryimage"},"thumbnailUrl":"http:\/\/horizons-octane.fr\/wp-content\/uploads\/2025\/06\/cropped-Horizons-Octane-.png","datePublished":"2025-06-17T09:57:52+00:00","dateModified":"2025-06-17T09:57:53+00:00","description":"Photographie, \u00e9criture, automobile ou culture : c'est ici pour me Contacter - Horizons & Octane. Donnons vie \u00e0 vos id\u00e9es !","breadcrumb":{"@id":"https:\/\/horizons-octane.fr\/index.php\/me-contacter\/#breadcrumb"},"inLanguage":"fr-FR","potentialAction":[{"@type":"ReadAction","target":["https:\/\/horizons-octane.fr\/index.php\/me-contacter\/"]}]},{"@type":"ImageObject","inLanguage":"fr-FR","@id":"https:\/\/horizons-octane.fr\/index.php\/me-contacter\/#primaryimage","url":"https:\/\/horizons-octane.fr\/wp-content\/uploads\/2025\/06\/cropped-Horizons-Octane-.png","contentUrl":"https:\/\/horizons-octane.fr\/wp-content\/uploads\/2025\/06\/cropped-Horizons-Octane-.png","width":811,"height":719,"caption":"Logo Horizons & Octane"},{"@type":"BreadcrumbList","@id":"https:\/\/horizons-octane.fr\/index.php\/me-contacter\/#breadcrumb","itemListElement":[{"@type":"ListItem","position":1,"name":"Accueil","item":"https:\/\/horizons-octane.fr\/"},{"@type":"ListItem","position":2,"name":"Me contacter"}]},{"@type":"WebSite","@id":"https:\/\/horizons-octane.fr\/#website","url":"https:\/\/horizons-octane.fr\/","name":"Horizons & Octane","description":"Exploration visuelle et m\u00e9morables","publisher":{"@id":"https:\/\/horizons-octane.fr\/#\/schema\/person\/bc17e2d50dbfa54f7b5cd2adfcdbf8dc"},"potentialAction":[{"@type":"SearchAction","target":{"@type":"EntryPoint","urlTemplate":"https:\/\/horizons-octane.fr\/?s={search_term_string}"},"query-input":{"@type":"PropertyValueSpecification","valueRequired":true,"valueName":"search_term_string"}}],"inLanguage":"fr-FR"},{"@type":["Person","Organization"],"@id":"https:\/\/horizons-octane.fr\/#\/schema\/person\/bc17e2d50dbfa54f7b5cd2adfcdbf8dc","name":"Alexandre Bridenne","image":{"@type":"ImageObject","inLanguage":"fr-FR","@id":"https:\/\/horizons-octane.fr\/wp-content\/uploads\/2025\/06\/cropped-Horizons-Octane-.png","url":"https:\/\/horizons-octane.fr\/wp-content\/uploads\/2025\/06\/cropped-Horizons-Octane-.png","contentUrl":"https:\/\/horizons-octane.fr\/wp-content\/uploads\/2025\/06\/cropped-Horizons-Octane-.png","width":811,"height":719,"caption":"Alexandre Bridenne"},"logo":{"@id":"https:\/\/horizons-octane.fr\/wp-content\/uploads\/2025\/06\/cropped-Horizons-Octane-.png"},"sameAs":["http:\/\/horizons-octane.fr"]}]}},"jetpack_sharing_enabled":true,"_links":{"self":[{"href":"https:\/\/horizons-octane.fr\/index.php\/wp-json\/wp\/v2\/pages\/52","targetHints":{"allow":["GET"]}}],"collection":[{"href":"https:\/\/horizons-octane.fr\/index.php\/wp-json\/wp\/v2\/pages"}],"about":[{"href":"https:\/\/horizons-octane.fr\/index.php\/wp-json\/wp\/v2\/types\/page"}],"author":[{"embeddable":true,"href":"https:\/\/horizons-octane.fr\/index.php\/wp-json\/wp\/v2\/users\/1"}],"replies":[{"embeddable":true,"href":"https:\/\/horizons-octane.fr\/index.php\/wp-json\/wp\/v2\/comments?post=52"}],"version-history":[{"count":5,"href":"https:\/\/horizons-octane.fr\/index.php\/wp-json\/wp\/v2\/pages\/52\/revisions"}],"predecessor-version":[{"id":65,"href":"https:\/\/horizons-octane.fr\/index.php\/wp-json\/wp\/v2\/pages\/52\/revisions\/65"}],"wp:attachment":[{"href":"https:\/\/horizons-octane.fr\/index.php\/wp-json\/wp\/v2\/media?parent=52"}],"curies":[{"name":"wp","href":"https:\/\/api.w.org\/{rel}","templated":true}]}}